{"id":419,"date":"2022-04-22T01:57:38","date_gmt":"2022-04-22T01:57:38","guid":{"rendered":"http:\/\/familiasencristo.org\/?page_id=419"},"modified":"2025-12-22T11:26:26","modified_gmt":"2025-12-22T17:26:26","slug":"videos","status":"publish","type":"page","link":"https:\/\/familiasencristo.org\/?page_id=419","title":{"rendered":"Videos"},"content":{"rendered":"<div class=\"wpb-content-wrapper\"><p>[vc_row][vc_column width=\u00bb1\/3&#8243;][vc_separator][vc_video link=\u00bbhttps:\/\/youtu.be\/wf23MV9pK7Y?si=tilxgrgHe20CfYiq\u00bb css=\u00bb\u00bb title=\u00bbLo que Realmente sucede en La Misa\u00bb][vc_separator][vc_video link=\u00bbhttps:\/\/youtu.be\/v-OIFZ4j90Y?si=nM53jh-OIwPYIEhC\u00bb css=\u00bb\u00bb title=\u00bbConstelaciones Familiares\u00bb][vc_separator][vc_video link=\u00bbhttps:\/\/youtu.be\/tlXGj9WBFy8&#8243; title=\u00bbGrammys 2023 y efigie NOW\u00bb][vc_separator][vc_video link=\u00bbhttps:\/\/youtu.be\/VSuzgzORP4E?si=BRMIz7yHopjPK41m\u00bb title=\u00bbConstelaciones Familiares. \u00bfPor qu\u00e9 no son recomendables? Parte 1\/2&#8243;][vc_separator][vc_video link=\u00bbhttps:\/\/youtu.be\/5OMKprFFnrQ?si=hT0mSrKC8SwPn_b8&#8243; title=\u00bbConstelaciones Familiares. Forma sutil de espiritismo. Parte 2\/2&#8243;][vc_separator css=\u00bb\u00bb][vc_video link=\u00bbhttps:\/\/youtu.be\/8CyFJQCVjBg?si=ERXz-gDGdVu2DTo0&#8243; css=\u00bb\u00bb title=\u00bbConstelaciones Familiares Padre Angel Espinoza\u00bb][\/vc_column][vc_column width=\u00bb1\/3&#8243;][vc_separator][vc_video link=\u00bbhttps:\/\/youtu.be\/l3CBBiFWUIs?si=5cAYQBVIo9QYgghO\u00bb css=\u00bb\u00bb title=\u00bbSepararse No es Malo\u00bb][vc_separator][vc_video link=\u00bbhttps:\/\/youtube.com\/watch?v=iERRQOFgdNU&amp;feature=share\u00bb][vc_separator css=\u00bb\u00bb][vc_video link=\u00bbhttps:\/\/youtu.be\/Tm5YJUkpy8Y\u00bb title=\u00bbPadre Gabriel Amorth\u00bb][vc_separator][vc_video link=\u00bbhttps:\/\/youtu.be\/uOneh0qBmHQ\u00bb title=\u00bbEfectos letales de la Pornograf\u00eda\u00bb][vc_separator][vc_video link=\u00bbhttps:\/\/youtu.be\/pt6L-b_K0HE\u00bb title=\u00bbQu\u00e9 es la Francmasoner\u00eda o Masoner\u00eda?\u00bb][vc_separator][vc_video link=\u00bbhttps:\/\/youtu.be\/fXEv39xceYI?si=JhL2Q5BziMdvcM5w\u00bb title=\u00bbLas mentiras y los peligros de la nueva era. Padre Jos\u00e9 Eugenio Hoyos.\u00bb][\/vc_column][vc_column width=\u00bb1\/3&#8243;][vc_video link=\u00bbhttps:\/\/youtu.be\/bSiawVkuKco\u00bb title=\u00bb\u00bfLa Sanaci\u00f3n Intergeneracional est\u00e1 fuera de la doctrina de la Iglesia Cat\u00f3lica?\u00bb][vc_separator][vc_video link=\u00bbhttps:\/\/youtu.be\/PBBhsFCK6q4&#8243; title=\u00bbTestimonio de Conversi\u00f3n de H\u00e9ctor en el \u00abMedjugorge de Jalisco!\u00bb][vc_separator][vc_video link=\u00bbhttps:\/\/youtu.be\/Y5t5K1btCQc\u00bb title=\u00bbYoga Testimonio Padre Joseph Marie Verlinde\u00bb][vc_separator][vc_video link=\u00bbhttps:\/\/youtu.be\/TXd1qMNOLlE\u00bb title=\u00bbCatequesis sobre Halloween, Padre Nelson Medina\u00bb][vc_separator][vc_video link=\u00bbhttps:\/\/youtu.be\/F9Eg5S8r3yE?si=lTwPs4ChpNKc2qN4&#8243; title=\u00bbHarry Potter la Nueva Era de brujos, monstruos, magia y secretos anti cristianos. P. Jos\u00e9 E Hoyos\u00bb][vc_separator css=\u00bb\u00bb][\/vc_column][\/vc_row][vc_row][vc_column width=\u00bb1\/3&#8243;][\/vc_column][vc_column width=\u00bb1\/3&#8243;][\/vc_column][vc_column width=\u00bb1\/3&#8243;][\/vc_column][\/vc_row]<\/p>\n<\/div>","protected":false},"excerpt":{"rendered":"<p>[vc_row][vc_column width=\u00bb1\/3&#8243;][vc_separator][vc_video link=\u00bbhttps:\/\/youtu.be\/wf23MV9pK7Y?si=tilxgrgHe20CfYiq\u00bb css=\u00bb\u00bb title=\u00bbLo que Realmente sucede en La Misa\u00bb][vc_separator][vc_video link=\u00bbhttps:\/\/youtu.be\/v-OIFZ4j90Y?si=nM53jh-OIwPYIEhC\u00bb css=\u00bb\u00bb title=\u00bbConstelaciones Familiares\u00bb][vc_separator][vc_video link=\u00bbhttps:\/\/youtu.be\/tlXGj9WBFy8&#8243; title=\u00bbGrammys 2023 y efigie NOW\u00bb][vc_separator][vc_video link=\u00bbhttps:\/\/youtu.be\/VSuzgzORP4E?si=BRMIz7yHopjPK41m\u00bb title=\u00bbConstelaciones Familiares. \u00bfPor qu\u00e9 no son recomendables? Parte 1\/2&#8243;][vc_separator][vc_video link=\u00bbhttps:\/\/youtu.be\/5OMKprFFnrQ?si=hT0mSrKC8SwPn_b8&#8243; title=\u00bbConstelaciones Familiares. Forma sutil de espiritismo. Parte 2\/2&#8243;][vc_separator css=\u00bb\u00bb][vc_video link=\u00bbhttps:\/\/youtu.be\/8CyFJQCVjBg?si=ERXz-gDGdVu2DTo0&#8243; css=\u00bb\u00bb title=\u00bbConstelaciones Familiares Padre Angel Espinoza\u00bb][\/vc_column][vc_column width=\u00bb1\/3&#8243;][vc_separator][vc_video link=\u00bbhttps:\/\/youtu.be\/l3CBBiFWUIs?si=5cAYQBVIo9QYgghO\u00bb css=\u00bb\u00bb title=\u00bbSepararse No es Malo\u00bb][vc_separator][vc_video link=\u00bbhttps:\/\/youtube.com\/watch?v=iERRQOFgdNU&amp;feature=share\u00bb][vc_separator css=\u00bb\u00bb][vc_video link=\u00bbhttps:\/\/youtu.be\/Tm5YJUkpy8Y\u00bb title=\u00bbPadre Gabriel Amorth\u00bb][vc_separator][vc_video link=\u00bbhttps:\/\/youtu.be\/uOneh0qBmHQ\u00bb title=\u00bbEfectos letales de la Pornograf\u00eda\u00bb][vc_separator][vc_video link=\u00bbhttps:\/\/youtu.be\/pt6L-b_K0HE\u00bb title=\u00bbQu\u00e9 es la Francmasoner\u00eda o Masoner\u00eda?\u00bb][vc_separator][vc_video link=\u00bbhttps:\/\/youtu.be\/fXEv39xceYI?si=JhL2Q5BziMdvcM5w\u00bb title=\u00bbLas mentiras y los peligros de la nueva era. Padre Jos\u00e9 Eugenio Hoyos.\u00bb][\/vc_column][vc_column width=\u00bb1\/3&#8243;][vc_video link=\u00bbhttps:\/\/youtu.be\/bSiawVkuKco\u00bb title=\u00bb\u00bfLa Sanaci\u00f3n Intergeneracional est\u00e1 fuera de la doctrina de la Iglesia Cat\u00f3lica?\u00bb][vc_separator][vc_video link=\u00bbhttps:\/\/youtu.be\/PBBhsFCK6q4&#8243; title=\u00bbTestimonio de Conversi\u00f3n de H\u00e9ctor en el \u00abMedjugorge de Jalisco!\u00bb][vc_separator][vc_video link=\u00bbhttps:\/\/youtu.be\/Y5t5K1btCQc\u00bb title=\u00bbYoga Testimonio Padre Joseph Marie Verlinde\u00bb][vc_separator][vc_video link=\u00bbhttps:\/\/youtu.be\/TXd1qMNOLlE\u00bb title=\u00bbCatequesis sobre Halloween, Padre Nelson Medina\u00bb][vc_separator][vc_video link=\u00bbhttps:\/\/youtu.be\/F9Eg5S8r3yE?si=lTwPs4ChpNKc2qN4&#8243; title=\u00bbHarry Potter la Nueva Era de brujos, monstruos, magia y secretos anti cristianos. P. Jos\u00e9 E Hoyos\u00bb][vc_separator css=\u00bb\u00bb][\/vc_column][\/vc_row][vc_row][vc_column width=\u00bb1\/3&#8243;][\/vc_column][vc_column width=\u00bb1\/3&#8243;][\/vc_column][vc_column width=\u00bb1\/3&#8243;][\/vc_column][\/vc_row]<\/p>\n","protected":false},"author":1,"featured_media":0,"parent":0,"menu_order":4,"comment_status":"closed","ping_status":"closed","template":"","meta":{"footnotes":""},"class_list":["post-419","page","type-page","status-publish","hentry"],"acf":[],"jetpack_sharing_enabled":true,"_links":{"self":[{"href":"https:\/\/familiasencristo.org\/index.php?rest_route=\/wp\/v2\/pages\/419","targetHints":{"allow":["GET"]}}],"collection":[{"href":"https:\/\/familiasencristo.org\/index.php?rest_route=\/wp\/v2\/pages"}],"about":[{"href":"https:\/\/familiasencristo.org\/index.php?rest_route=\/wp\/v2\/types\/page"}],"author":[{"embeddable":true,"href":"https:\/\/familiasencristo.org\/index.php?rest_route=\/wp\/v2\/users\/1"}],"replies":[{"embeddable":true,"href":"https:\/\/familiasencristo.org\/index.php?rest_route=%2Fwp%2Fv2%2Fcomments&post=419"}],"version-history":[{"count":82,"href":"https:\/\/familiasencristo.org\/index.php?rest_route=\/wp\/v2\/pages\/419\/revisions"}],"predecessor-version":[{"id":16896,"href":"https:\/\/familiasencristo.org\/index.php?rest_route=\/wp\/v2\/pages\/419\/revisions\/16896"}],"wp:attachment":[{"href":"https:\/\/familiasencristo.org\/index.php?rest_route=%2Fwp%2Fv2%2Fmedia&parent=419"}],"curies":[{"name":"wp","href":"https:\/\/api.w.org\/{rel}","templated":true}]}}